 3897355?
False
Is 4 a factor of 22445?
False
Does 1077 divide 7002654?
True
Is 170 a factor of 2863532?
False
Is 602 a factor of 7289651?
False
Is 2582592 a multiple of 24?
True
Does 8 divide 701520?
True
Is 173862 a multiple of 234?
True
Is 10 a factor of 115980?
True
Does 118 divide 28792?
True
Is 182916 a multiple of 61?
False
Is 5911237 a multiple of 266?
False
Is 14766516 a multiple of 1197?
False
Is 377 a factor of 288782?
True
Is 3 a factor of 72668?
False
Is 86 a factor of 102770?
True
Is 102600 a multiple of 45?
True
Does 463 divide 531061?
True
Is 793480 a multiple of 830?
True
Does 39 divide 3275?
False
Is 15751758 a multiple of 102?
True
Is 3 a factor of 83270?
False
Does 22 divide 40590?
True
Does 259 divide 4884896?
False
Is 40 a factor of 458025?
False
Is 208 a factor of 505119?
False
Is 49236 a multiple of 18?
False
Is 66 a factor of 529639?
False
Does 4 divide 21636?
True
Is 629820 a multiple of 60?
True
Is 803372 a multiple of 15?
False
Is 6 a factor of 4110610?
False
Is 224043 a multiple of 17?
True
Does 9 divide 204093?
True
Is 20 a factor of 15940?
True
Is 1879685 a multiple of 31?
True
Is 3292947 a multiple of 29?
False
Is 636350 a multiple of 178?
True
Is 9 a factor of 256473?
True
Is 6569207 a multiple of 105?
False
Does 15 divide 11637500?
False
Is 23 a factor of 2037685?
True
Does 282 divide 542334?
False
Is 36 a factor of 108158?
False
Is 327 a factor of 135705?
True
Does 566 divide 1356136?
True
Does 16 divide 578871?
False
Is 49 a factor of 4555714?
False
Is 18581940 a multiple of 12?
True
Does 5 divide 6190?
True
Is 24 a factor of 155736?
True
Is 34 a factor of 24668?
False
Is 407 a factor of 2709446?
False
Is 334848 a multiple of 48?
True
Does 7 divide 400652?
True
Does 109 divide 233582?
False
Is 22404 a multiple of 6?
True
Does 84 divide 2240691?
False
Does 9 divide 75733?
False
Is 2472 a multiple of 24?
True
Does 76 divide 202312?
True
Is 579438 a multiple of 18?
True
Does 235 divide 422295?
True
Does 17 divide 596282?
False
Does 97 divide 1112299?
True
Is 68 a factor of 418576?
False
Is 177637 a multiple of 10?
False
Is 591551 a multiple of 81?
False
Is 7980 a multiple of 19?
True
Is 70 a factor of 120416?
False
Is 79223 a multiple of 7?
False
Is 50 a factor of 211679?
False
Is 105587 a multiple of 62?
False
Is 2 a factor of 8720?
True
Is 39120 a multiple of 71?
False
Does 77 divide 118492?
False
Does 670 divide 259864?
False
Is 139288 a multiple of 228?
False
Is 10 a factor of 2912500?
True
Is 210 a factor of 11016?
False
Does 755 divide 27462370?
True
Is 40260 a multiple of 6?
True
Is 36 a factor of 4507524?
True
Does 62 divide 18166?
True
Is 134 a factor of 1724982?
True
Is 180 a factor of 155340?
True
Does 27 divide 7230372?
False
Does 122 divide 78324?
True
Does 26 divide 7266038?
True
Is 262 a factor of 143414?
False
Is 33 a factor of 259743?
True
Is 737325 a multiple of 145?
True
Is 10 a factor of 75503?
False
Is 29612 a multiple of 22?
True
Does 200 divide 467823?
False
Is 296180 a multiple of 236?
True
Is 34051 a multiple of 3?
False
Does 3 divide 34847?
False
Is 3558494 a multiple of 19?
False
Does 90 divide 1312841?
False
Does 12 divide 354569?
False
Does 2 divide 181378?
True
Is 237848 a multiple of 613?
False
Does 19 divide 99364?
False
Is 212 a factor of 105524?
False
Is 18549675 a multiple of 1454?
False
Does 12 divide 905143?
False
Is 55 a factor of 3229403?
False
Is 2600997 a multiple of 589?
False
Does 8 divide 2131297?
False
Does 219 divide 2505951?
False
Does 5 divide 354449?
False
Is 3656796 a multiple of 33?
True
Is 12151314 a multiple of 207?
True
Is 8 a factor of 1547571?
False
Does 166 divide 4044904?
False
Is 280 a factor of 237720?
True
Is 36 a factor of 349068?
False
Does 7 divide 5743497?
False
Does 242 divide 105754?
True
Is 109 a factor of 3245039?
True
Does 89 divide 1007836?
True
Does 193 divide 238355?
True
Does 122 divide 554759?
False
Is 40 a factor of 158080?
True
Is 2971798 a multiple of 6?
False
Is 286 a factor of 90897?
False
Does 158 divide 142990?
True
Is 12 a factor of 16161432?
True
Is 10 a factor of 508680?
True
Is 11 a factor of 71420?
False
Is 537510 a multiple of 169?
False
Is 98983 a multiple of 24?
False
Does 7 divide 216237?
True
Does 39 divide 4796261?
False
Does 19 divide 93803?
True
Is 1241008 a multiple of 481?
False
Is 16 a factor of 116944?
True
Does 7 divide 17304?
True
Is 71 a factor of 381838?
True
Does 58 divide 445498?
True
Does 187 divide 515926?
False
Is 523434 a multiple of 138?
True
Does 14 divide 490199?
False
Does 33 divide 82599?
True
Is 54 a factor of 11177490?
False
Does 96 divide 28330821?
False
Is 4892340 a multiple of 67?
True
Is 1069639 a multiple of 7?
False
Is 4425603 even?
False
Is 7 a factor of 936973?
False
Is 10 a factor of 756555?
False
Is 6621576 a multiple of 25?
False
Is 7953366 a multiple of 129?
True
Does 8 divide 78136?
True
Is 27 a factor of 114343?
False
Does 6 divide 27918?
True
Is 4820881 a multiple of 32?
False
Is 363 a factor of 1348710?
False
Does 366 divide 2772816?
True
Is 187856 a multiple of 115?
False
Is 115884 a multiple of 29?
True
Is 138 a factor of 10122823?
False
Is 335 a factor of 1152067?
False
Is 59 a factor of 6279075?
True
Is 25309 a multiple of 16?
False
Is 24 a factor of 114432?
True
Is 10078250 a multiple of 29?
False
Is 131312 a multiple of 116?
True
Does 96 divide 71712?
True
Is 19 a factor of 19842?
False
Does 223 divide 22969?
True
Does 8 divide 108032?
True
Is 520782 a multiple of 41?
True
Is 137 a factor of 150625?
False
Is 2 a factor of 402?
True
Is 34 a factor of 114104?
True
Does 71 divide 180177?
False
Is 14 a factor of 72254?
True
Is 1358565 a multiple of 501?
False
Does 24 divide 119736?
True
Does 16 divide 7072?
True
Is 6496 a multiple of 4?
True
Is 188 a factor of 380360?
False
Is 3 a factor of 123765?
True
Is 236 a factor of 21139?
False
Is 53 a factor of 122059?
True
Does 15 divide 129975?
True
Is 466 a factor of 1300140?
True
Is 93192 even?
True
Is 36609 a multiple of 7?
False
Does 42 divide 92112?
False
Does 6 divide 9976?
False
Is 9218628 a multiple of 12?
True
Is 4 a factor of 973440?
True
Is 14640930 a multiple of 10?
True
Does 13 divide 429229?
False
Is 18 a factor of 81936?
True
Does 2 divide 1781291?
False
Does 42 divide 59388?
True
Does 137 divide 46854?
True
Is 23229972 a multiple of 134?
True
Is 457956 a multiple of 412?
False
Is 453 a factor of 2691690?
False
Is 10 a factor of 1740230?
True
Does 38 divide 55374?
False
Is 252 a factor of 498680?
False
Does 232 divide 7977784?
True
Is 102 a factor of 1716835?
False
Does 36 divide 1798912?
False
Is 1586272 a multiple of 8?
True
Does 100 divide 2641783?
False
Is 42792 a multiple of 5?
False
Is 7 a factor of 131047?
True
Does 3 divide 19697?
False
Is 3706938 a multiple of 19?
True
Is 7674440 a multiple of 10?
True
Is 284 a factor of 209592?
True
Is 37 a factor of 5476074?
True
Is 445494 a multiple of 14?
True
Is 89 a factor of 235788?
False
Does 12 divide 36334?
False
Does 37 divide 722388?
True
Is 489435 a multiple of 1005?
True
Does 667 divide 6959478?
True
Is 291965 a multiple of 9?
False
Is 105736 a multiple of 105?
False
Does 49 divide 68916?
False
Does 109 divide 1123082?
False
Does 4 divide 50984?
True
Is 10199 a multiple of 31?
True
Is 395 a factor of 9532930?
True
Is 4 a factor of 175067?
False
Is 216 a factor of 14606568?
True
Is 9193920 a multiple of 1464?
True
Is 38400 a multiple of 12?
True
Does 68 divide 4927008?
True
Is 127 a factor of 72898?
True
Is 49 a factor of 34927?
False
Does 38 divide 1084266?
False
Does 43 divide 60071?
True
Is 6446382 a multiple of 958?
True
Does 14 divide 992796?
True
Is 32 a factor of 3595872?
True
Is 4 a factor of 78544?
True
Is 1489504 a multiple of 16?
True
Is 14218 a multiple of 38?
False
Does 33 divide 37917?
True
Does 13 divide 184973?
False
Does 27 divide 831774?
False
Is 4 a factor of 11308?
True
Is 8 a factor of 1296148?
False
Is 48606 a multiple of 9?
False
Is 2842840 a multiple of 710?
True
Is 11 a factor of 121221?
False
Is 429424 a multiple of 7?
False
Is 2642166 a multiple of 34?
False
Is 8582772 a multiple of 46?
True
Is 12 a factor of 135080?
False
Does 4 divide 103104?
True
Is 367785 a multiple of 99?
True
Does 38 divide 1026950?
True
Is 77 a factor of 130608?